{"id":7579,"date":"2024-07-12T17:13:47","date_gmt":"2024-07-12T15:13:47","guid":{"rendered":"https:\/\/visualeurope.com\/munkaink\/maga-zoltan-new-years-concert-2024\/"},"modified":"2024-08-27T15:20:19","modified_gmt":"2024-08-27T13:20:19","slug":"maga-zoltan-new-years-concert-2024","status":"publish","type":"munkaink-type","link":"https:\/\/visualeurope.com\/en\/munkaink\/maga-zoltan-new-years-concert-2024\/","title":{"rendered":"M\u00e1ga Zolt\u00e1n New Year&#8217;s Concert 2024"},"content":{"rendered":"\n<p>The year 2024 started with incredible excitement! For the 16th time, Visual Europe Group provided flawless technical support for Zolt\u00e1n M\u00e1ga&#8217;s double sold-out New Year&#8217;s concert at the Papp L\u00e1szl\u00f3 Budapest Sports Arena. This spectacular production was a true celebration.<\/p>\n\n<p><\/p>\n","protected":false},"excerpt":{"rendered":"<p>Visual Europe Group provided flawless technical support for Zolt\u00e1n M\u00e1ga&#8217;s double sold-out New Year&#8217;s concert at the Papp L\u00e1szl\u00f3 Budapest Sports Arena.<\/p>\n","protected":false},"author":3,"featured_media":3340,"menu_order":116,"template":"","format":"standard","helyszin":[321],"orszag":[247],"ugyfel":[337],"rendszerintegracio-teruletek":[],"rendezveny-teruletek":[222],"rendszerintegracio-szolgaltataso":[],"rendezveny-szolgaltatasok":[293,294,295],"rendezvenyek-rendszerintegracio":[234],"class_list":["post-7579","munkaink-type","type-munkaink-type","status-publish","format-standard","has-post-thumbnail","hentry","helyszin-papp-laszlo-budapest-sportarena-en","orszag-hungary","ugyfel-maga-zoltan-en","rendezveny-teruletek-concert-and-festival","rendezveny-szolgaltatasok-audio-en","rendezveny-szolgaltatasok-lighting-en","rendezveny-szolgaltatasok-video-en","rendezvenyek-rendszerintegracio-live-events"],"_links":{"self":[{"href":"https:\/\/visualeurope.com\/en\/wp-json\/wp\/v2\/munkaink-type\/7579","targetHints":{"allow":["GET"]}}],"collection":[{"href":"https:\/\/visualeurope.com\/en\/wp-json\/wp\/v2\/munkaink-type"}],"about":[{"href":"https:\/\/visualeurope.com\/en\/wp-json\/wp\/v2\/types\/munkaink-type"}],"author":[{"embeddable":true,"href":"https:\/\/visualeurope.com\/en\/wp-json\/wp\/v2\/users\/3"}],"wp:featuredmedia":[{"embeddable":true,"href":"https:\/\/visualeurope.com\/en\/wp-json\/wp\/v2\/media\/3340"}],"wp:attachment":[{"href":"https:\/\/visualeurope.com\/en\/wp-json\/wp\/v2\/media?parent=7579"}],"wp:term":[{"taxonomy":"helyszin","embeddable":true,"href":"https:\/\/visualeurope.com\/en\/wp-json\/wp\/v2\/helyszin?post=7579"},{"taxonomy":"orszag","embeddable":true,"href":"https:\/\/visualeurope.com\/en\/wp-json\/wp\/v2\/orszag?post=7579"},{"taxonomy":"ugyfel","embeddable":true,"href":"https:\/\/visualeurope.com\/en\/wp-json\/wp\/v2\/ugyfel?post=7579"},{"taxonomy":"rendszerintegracio-teruletek","embeddable":true,"href":"https:\/\/visualeurope.com\/en\/wp-json\/wp\/v2\/rendszerintegracio-teruletek?post=7579"},{"taxonomy":"rendezveny-teruletek","embeddable":true,"href":"https:\/\/visualeurope.com\/en\/wp-json\/wp\/v2\/rendezveny-teruletek?post=7579"},{"taxonomy":"rendszerintegracio-szolgaltataso","embeddable":true,"href":"https:\/\/visualeurope.com\/en\/wp-json\/wp\/v2\/rendszerintegracio-szolgaltataso?post=7579"},{"taxonomy":"rendezveny-szolgaltatasok","embeddable":true,"href":"https:\/\/visualeurope.com\/en\/wp-json\/wp\/v2\/rendezveny-szolgaltatasok?post=7579"},{"taxonomy":"rendezvenyek-rendszerintegracio","embeddable":true,"href":"https:\/\/visualeurope.com\/en\/wp-json\/wp\/v2\/rendezvenyek-rendszerintegracio?post=7579"}],"curies":[{"name":"wp","href":"https:\/\/api.w.org\/{rel}","templated":true}]}}

Mága Zoltán New Year&#8217;s Concert 2024

<p>The year 2024 started with incredible excitement! For the 16th time, Visual Europe Group provided flawless technical support for Zoltán Mága&#8217;s double sold-out New Year&#8217;s concert at the Papp László Budapest Sports Arena. This spectacular production was a true celebration.</p>

<p></p>

<p>Visual Europe Group provided flawless technical support for Zoltán Mága&#8217;s double sold-out New Year&#8217;s concert at the Papp László Budapest Sports Arena.</p>
