{"id":3517,"date":"2024-07-15T11:05:27","date_gmt":"2024-07-15T09:05:27","guid":{"rendered":"https:\/\/visualeurope.com\/?post_type=munkaink-type&#038;p=3517"},"modified":"2024-08-15T17:03:50","modified_gmt":"2024-08-15T15:03:50","slug":"szent-istvan-napi-tuzijatek-es-dronshow-official-aftermovie-2","status":"publish","type":"munkaink-type","link":"https:\/\/visualeurope.com\/hu\/munkaink\/szent-istvan-napi-tuzijatek-es-dronshow-official-aftermovie-2\/","title":{"rendered":"Szent Istv\u00e1n-napi t\u0171zij\u00e1t\u00e9k \u00e9s dr\u00f3nshow Official Aftermovie"},"content":{"rendered":"\n<p>Budapest t\u00f6bb pontj\u00e1n val\u00f3s\u00edtottunk meg l\u00e9zershow-t, a Parlament el\u0151tt \u00e9s a Pet\u0151fi-h\u00eddn\u00e1l pedig dr\u00f3nshow-val ny\u0171g\u00f6zt\u00fck le a l\u00e1togat\u00f3kat.<\/p>\n\n\n\n<figure class=\"wp-block-embed is-type-video is-provider-youtube wp-block-embed-youtube wp-embed-aspect-16-9 wp-has-aspect-ratio\"><div class=\"wp-block-embed__wrapper\">\n<iframe title=\"Visual Europe Group | 20 August 2023 Drone Show\" width=\"800\" height=\"450\" src=\"https:\/\/www.youtube.com\/embed\/951Aiy9-Dbc?feature=oembed\" frameborder=\"0\" allow=\"accelerometer; autoplay; clipboard-write; encrypted-media; gyroscope; picture-in-picture; web-share\" referrerpolicy=\"strict-origin-when-cross-origin\" allowfullscreen><\/iframe>\n<\/div><\/figure>\n","protected":false},"excerpt":{"rendered":"<p>Gondos tervez\u00e9ssel \u00e9s azok megval\u00f3s\u00edt\u00e1s\u00e1val t\u00f6lt\u00f6tt\u00fck az \u00e1llamalap\u00edt\u00e1s \u00fcnnep\u00e9t megel\u0151z\u0151 heteket, hiszen nem kisebb feladatunk volt, mint az Augusztus 20-i \u00fcnneps\u00e9gsorozat rendezv\u00e9nytechnikai biztos\u00edt\u00e1sa.<\/p>\n","protected":false},"author":3,"featured_media":3489,"menu_order":89,"template":"","format":"standard","helyszin":[153],"orszag":[89],"ugyfel":[154],"rendszerintegracio-teruletek":[],"rendezveny-teruletek":[118],"rendszerintegracio-szolgaltataso":[],"rendezveny-szolgaltatasok":[140],"rendezvenyek-rendszerintegracio":[23],"class_list":["post-3517","munkaink-type","type-munkaink-type","status-publish","format-standard","has-post-thumbnail","hentry","helyszin-budapest","orszag-magyarorszag","ugyfel-nru","rendezveny-teruletek-dronshow","rendezveny-szolgaltatasok-dronshow","rendezvenyek-rendszerintegracio-rendezvenyek"],"_links":{"self":[{"href":"https:\/\/visualeurope.com\/hu\/wp-json\/wp\/v2\/munkaink-type\/3517","targetHints":{"allow":["GET"]}}],"collection":[{"href":"https:\/\/visualeurope.com\/hu\/wp-json\/wp\/v2\/munkaink-type"}],"about":[{"href":"https:\/\/visualeurope.com\/hu\/wp-json\/wp\/v2\/types\/munkaink-type"}],"author":[{"embeddable":true,"href":"https:\/\/visualeurope.com\/hu\/wp-json\/wp\/v2\/users\/3"}],"wp:featuredmedia":[{"embeddable":true,"href":"https:\/\/visualeurope.com\/hu\/wp-json\/wp\/v2\/media\/3489"}],"wp:attachment":[{"href":"https:\/\/visualeurope.com\/hu\/wp-json\/wp\/v2\/media?parent=3517"}],"wp:term":[{"taxonomy":"helyszin","embeddable":true,"href":"https:\/\/visualeurope.com\/hu\/wp-json\/wp\/v2\/helyszin?post=3517"},{"taxonomy":"orszag","embeddable":true,"href":"https:\/\/visualeurope.com\/hu\/wp-json\/wp\/v2\/orszag?post=3517"},{"taxonomy":"ugyfel","embeddable":true,"href":"https:\/\/visualeurope.com\/hu\/wp-json\/wp\/v2\/ugyfel?post=3517"},{"taxonomy":"rendszerintegracio-teruletek","embeddable":true,"href":"https:\/\/visualeurope.com\/hu\/wp-json\/wp\/v2\/rendszerintegracio-teruletek?post=3517"},{"taxonomy":"rendezveny-teruletek","embeddable":true,"href":"https:\/\/visualeurope.com\/hu\/wp-json\/wp\/v2\/rendezveny-teruletek?post=3517"},{"taxonomy":"rendszerintegracio-szolgaltataso","embeddable":true,"href":"https:\/\/visualeurope.com\/hu\/wp-json\/wp\/v2\/rendszerintegracio-szolgaltataso?post=3517"},{"taxonomy":"rendezveny-szolgaltatasok","embeddable":true,"href":"https:\/\/visualeurope.com\/hu\/wp-json\/wp\/v2\/rendezveny-szolgaltatasok?post=3517"},{"taxonomy":"rendezvenyek-rendszerintegracio","embeddable":true,"href":"https:\/\/visualeurope.com\/hu\/wp-json\/wp\/v2\/rendezvenyek-rendszerintegracio?post=3517"}],"curies":[{"name":"wp","href":"https:\/\/api.w.org\/{rel}","templated":true}]}}

Szent István-napi tűzijáték és drónshow Official Aftermovie

<p>Budapest több pontján valósítottunk meg lézershow-t, a Parlament előtt és a Petőfi-hídnál pedig drónshow-val nyűgöztük le a látogatókat.</p>



<figure class="wp-block-embed is-type-video is-provider-youtube wp-block-embed-youtube wp-embed-aspect-16-9 wp-has-aspect-ratio"><div class="wp-block-embed__wrapper">
<iframe title="Visual Europe Group | 20 August 2023 Drone Show" width="800" height="450" src="https://www.youtube.com/embed/951Aiy9-Dbc?feature=oembed" frameborder="0" allow="accelerometer; autoplay; clipboard-write; encrypted-media; gyroscope; picture-in-picture; web-share" referrerpolicy="strict-origin-when-cross-origin" allowfullscreen></iframe>
</div></figure>

<p>Gondos tervezéssel és azok megvalósításával töltöttük az államalapítás ünnepét megelőző heteket, hiszen nem kisebb feladatunk volt, mint az Augusztus 20-i ünnepségsorozat rendezvénytechnikai biztosítása.</p>
