{"id":3539,"date":"2024-07-15T11:23:06","date_gmt":"2024-07-15T09:23:06","guid":{"rendered":"https:\/\/visualeurope.com\/?post_type=munkaink-type&#038;p=3539"},"modified":"2024-09-09T11:15:59","modified_gmt":"2024-09-09T09:15:59","slug":"ez-az-a-nap-2022","status":"publish","type":"munkaink-type","link":"https:\/\/visualeurope.com\/hu\/munkaink\/ez-az-a-nap-2022\/","title":{"rendered":"Ez az a nap! 2022"},"content":{"rendered":"\n<p>Mi vagyunk az els\u0151 hazai rendezv\u00e9nytechnikai c\u00e9g, aki egy ilyen nagyszab\u00e1s\u00fa rendezv\u00e9nyt val\u00f3s\u00edtott meg a Pusk\u00e1s Ar\u00e9n\u00e1ban.<\/p>\n","protected":false},"excerpt":{"rendered":"<p>Mi vagyunk az els\u0151 hazai rendezv\u00e9nytechnikai c\u00e9g, aki egy ilyen nagyszab\u00e1s\u00fa rendezv\u00e9nyt val\u00f3s\u00edtott meg a Pusk\u00e1s Ar\u00e9n\u00e1ban.<\/p>\n","protected":false},"author":3,"featured_media":3540,"menu_order":75,"template":"","format":"standard","helyszin":[112],"orszag":[89],"ugyfel":[],"rendszerintegracio-teruletek":[],"rendezveny-teruletek":[91],"rendszerintegracio-szolgaltataso":[],"rendezveny-szolgaltatasok":[134,133,136],"rendezvenyek-rendszerintegracio":[23],"class_list":["post-3539","munkaink-type","type-munkaink-type","status-publish","format-standard","has-post-thumbnail","hentry","helyszin-puskas-arena","orszag-magyarorszag","rendezveny-teruletek-koncert-es-fesztival","rendezveny-szolgaltatasok-fenytechnika","rendezveny-szolgaltatasok-hangtechnika","rendezveny-szolgaltatasok-videotechnika","rendezvenyek-rendszerintegracio-rendezvenyek"],"_links":{"self":[{"href":"https:\/\/visualeurope.com\/hu\/wp-json\/wp\/v2\/munkaink-type\/3539","targetHints":{"allow":["GET"]}}],"collection":[{"href":"https:\/\/visualeurope.com\/hu\/wp-json\/wp\/v2\/munkaink-type"}],"about":[{"href":"https:\/\/visualeurope.com\/hu\/wp-json\/wp\/v2\/types\/munkaink-type"}],"author":[{"embeddable":true,"href":"https:\/\/visualeurope.com\/hu\/wp-json\/wp\/v2\/users\/3"}],"wp:featuredmedia":[{"embeddable":true,"href":"https:\/\/visualeurope.com\/hu\/wp-json\/wp\/v2\/media\/3540"}],"wp:attachment":[{"href":"https:\/\/visualeurope.com\/hu\/wp-json\/wp\/v2\/media?parent=3539"}],"wp:term":[{"taxonomy":"helyszin","embeddable":true,"href":"https:\/\/visualeurope.com\/hu\/wp-json\/wp\/v2\/helyszin?post=3539"},{"taxonomy":"orszag","embeddable":true,"href":"https:\/\/visualeurope.com\/hu\/wp-json\/wp\/v2\/orszag?post=3539"},{"taxonomy":"ugyfel","embeddable":true,"href":"https:\/\/visualeurope.com\/hu\/wp-json\/wp\/v2\/ugyfel?post=3539"},{"taxonomy":"rendszerintegracio-teruletek","embeddable":true,"href":"https:\/\/visualeurope.com\/hu\/wp-json\/wp\/v2\/rendszerintegracio-teruletek?post=3539"},{"taxonomy":"rendezveny-teruletek","embeddable":true,"href":"https:\/\/visualeurope.com\/hu\/wp-json\/wp\/v2\/rendezveny-teruletek?post=3539"},{"taxonomy":"rendszerintegracio-szolgaltataso","embeddable":true,"href":"https:\/\/visualeurope.com\/hu\/wp-json\/wp\/v2\/rendszerintegracio-szolgaltataso?post=3539"},{"taxonomy":"rendezveny-szolgaltatasok","embeddable":true,"href":"https:\/\/visualeurope.com\/hu\/wp-json\/wp\/v2\/rendezveny-szolgaltatasok?post=3539"},{"taxonomy":"rendezvenyek-rendszerintegracio","embeddable":true,"href":"https:\/\/visualeurope.com\/hu\/wp-json\/wp\/v2\/rendezvenyek-rendszerintegracio?post=3539"}],"curies":[{"name":"wp","href":"https:\/\/api.w.org\/{rel}","templated":true}]}}

<p>Mi vagyunk az első hazai rendezvénytechnikai cég, aki egy ilyen nagyszabású rendezvényt valósított meg a Puskás Arénában.</p>
