{"id":3591,"date":"2024-07-15T13:16:23","date_gmt":"2024-07-15T11:16:23","guid":{"rendered":"https:\/\/visualeurope.com\/?post_type=munkaink-type&#038;p=3591"},"modified":"2024-08-09T17:14:58","modified_gmt":"2024-08-09T15:14:58","slug":"vadaszati-es-termeszeti-vilagkiallitas","status":"publish","type":"munkaink-type","link":"https:\/\/visualeurope.com\/hu\/munkaink\/vadaszati-es-termeszeti-vilagkiallitas\/","title":{"rendered":"Vad\u00e1szati \u00e9s Term\u00e9szeti Vil\u00e1gki\u00e1ll\u00edt\u00e1s"},"content":{"rendered":"\n<p>Az esem\u00e9nyen mintegy 3 h\u00e9t alatt t\u00f6bb mint 1,3 milli\u00f3 l\u00e1togat\u00f3 fordult meg.<\/p>\n","protected":false},"excerpt":{"rendered":"<p>A Vad\u00e1szati \u00e9s Term\u00e9szeti Vil\u00e1gki\u00e1ll\u00edt\u00e1s t\u00f6bb helysz\u00edn\u00e9n is mi felel\u00fcnk a hang-, a f\u00e9ny-, \u00e9s a videotechnik\u00e1\u00e9rt a Hungexpo-n.<\/p>\n","protected":false},"author":3,"featured_media":3592,"menu_order":66,"template":"","format":"standard","helyszin":[162],"orszag":[89],"ugyfel":[170],"rendszerintegracio-teruletek":[],"rendezveny-teruletek":[45,161],"rendszerintegracio-szolgaltataso":[],"rendezveny-szolgaltatasok":[134,133,136],"rendezvenyek-rendszerintegracio":[23],"class_list":["post-3591","munkaink-type","type-munkaink-type","status-publish","format-standard","has-post-thumbnail","hentry","helyszin-hungexpo","orszag-magyarorszag","ugyfel-antenna-hungaria-zrt","rendezveny-teruletek-expo","rendezveny-teruletek-kiallitas","rendezveny-szolgaltatasok-fenytechnika","rendezveny-szolgaltatasok-hangtechnika","rendezveny-szolgaltatasok-videotechnika","rendezvenyek-rendszerintegracio-rendezvenyek"],"_links":{"self":[{"href":"https:\/\/visualeurope.com\/hu\/wp-json\/wp\/v2\/munkaink-type\/3591","targetHints":{"allow":["GET"]}}],"collection":[{"href":"https:\/\/visualeurope.com\/hu\/wp-json\/wp\/v2\/munkaink-type"}],"about":[{"href":"https:\/\/visualeurope.com\/hu\/wp-json\/wp\/v2\/types\/munkaink-type"}],"author":[{"embeddable":true,"href":"https:\/\/visualeurope.com\/hu\/wp-json\/wp\/v2\/users\/3"}],"wp:featuredmedia":[{"embeddable":true,"href":"https:\/\/visualeurope.com\/hu\/wp-json\/wp\/v2\/media\/3592"}],"wp:attachment":[{"href":"https:\/\/visualeurope.com\/hu\/wp-json\/wp\/v2\/media?parent=3591"}],"wp:term":[{"taxonomy":"helyszin","embeddable":true,"href":"https:\/\/visualeurope.com\/hu\/wp-json\/wp\/v2\/helyszin?post=3591"},{"taxonomy":"orszag","embeddable":true,"href":"https:\/\/visualeurope.com\/hu\/wp-json\/wp\/v2\/orszag?post=3591"},{"taxonomy":"ugyfel","embeddable":true,"href":"https:\/\/visualeurope.com\/hu\/wp-json\/wp\/v2\/ugyfel?post=3591"},{"taxonomy":"rendszerintegracio-teruletek","embeddable":true,"href":"https:\/\/visualeurope.com\/hu\/wp-json\/wp\/v2\/rendszerintegracio-teruletek?post=3591"},{"taxonomy":"rendezveny-teruletek","embeddable":true,"href":"https:\/\/visualeurope.com\/hu\/wp-json\/wp\/v2\/rendezveny-teruletek?post=3591"},{"taxonomy":"rendszerintegracio-szolgaltataso","embeddable":true,"href":"https:\/\/visualeurope.com\/hu\/wp-json\/wp\/v2\/rendszerintegracio-szolgaltataso?post=3591"},{"taxonomy":"rendezveny-szolgaltatasok","embeddable":true,"href":"https:\/\/visualeurope.com\/hu\/wp-json\/wp\/v2\/rendezveny-szolgaltatasok?post=3591"},{"taxonomy":"rendezvenyek-rendszerintegracio","embeddable":true,"href":"https:\/\/visualeurope.com\/hu\/wp-json\/wp\/v2\/rendezvenyek-rendszerintegracio?post=3591"}],"curies":[{"name":"wp","href":"https:\/\/api.w.org\/{rel}","templated":true}]}}

Vadászati és Természeti Világkiállítás

<p>Az eseményen mintegy 3 hét alatt több mint 1,3 millió látogató fordult meg.</p>

<p>A Vadászati és Természeti Világkiállítás több helyszínén is mi felelünk a hang-, a fény-, és a videotechnikáért a Hungexpo-n.</p>
