{"id":9070,"date":"2024-10-07T14:14:49","date_gmt":"2024-10-07T12:14:49","guid":{"rendered":"https:\/\/visualeurope.com\/?post_type=munkaink-type&#038;p=9070"},"modified":"2025-08-28T11:03:48","modified_gmt":"2025-08-28T09:03:48","slug":"sziget-2024","status":"publish","type":"munkaink-type","link":"https:\/\/visualeurope.com\/hu\/munkaink\/sziget-2024\/","title":{"rendered":"Sziget 2024"},"content":{"rendered":"\n<p>A Sziget Fesztiv\u00e1lon 2024-ben mi biztos\u00edtottuk a Bolt Pary Ar\u00e9na hatalmas LED falait, a Yettel Colosseum l\u00e1tv\u00e1nyos f\u00e9nyeit, valamint a Revolut Stage hang- f\u00e9ny- \u00e9s LED technik\u00e1j\u00e1\u00e9rt is mi felelt\u00fcnk, dr\u00f3njaink pedig a Nagysz\u00ednpad f\u00f6l\u00e9 var\u00e1zsolt\u00e1k a Sziget mot\u00edvumait. K\u00f6sz\u00f6nj\u00fck a bizalmat!<\/p>\n\n\n\n<figure class=\"wp-block-embed is-type-video is-provider-youtube wp-block-embed-youtube wp-embed-aspect-16-9 wp-has-aspect-ratio\"><div class=\"wp-block-embed__wrapper\">\n<iframe title=\"Visual Magic at Sziget Festival I Visual Europe Group\" width=\"800\" height=\"450\" src=\"https:\/\/www.youtube.com\/embed\/6WNP1zWs4Bo?feature=oembed\" frameborder=\"0\" allow=\"accelerometer; autoplay; clipboard-write; encrypted-media; gyroscope; picture-in-picture; web-share\" referrerpolicy=\"strict-origin-when-cross-origin\" allowfullscreen><\/iframe>\n<\/div><\/figure>\n","protected":false},"excerpt":{"rendered":"<p>N\u00e9gy sz\u00ednpad technik\u00e1j\u00e1t biztos\u00edtottuk a Sziget Fesztiv\u00e1lon.<\/p>\n","protected":false},"author":6,"featured_media":9012,"menu_order":27,"template":"","format":"standard","helyszin":[153],"orszag":[],"ugyfel":[414],"rendszerintegracio-teruletek":[],"rendezveny-teruletek":[91],"rendszerintegracio-szolgaltataso":[],"rendezveny-szolgaltatasok":[],"rendezvenyek-rendszerintegracio":[22,23],"class_list":["post-9070","munkaink-type","type-munkaink-type","status-publish","format-standard","has-post-thumbnail","hentry","helyszin-budapest","ugyfel-sziget-kulturalis-menedzser-iroda","rendezveny-teruletek-koncert-es-fesztival","rendezvenyek-rendszerintegracio-kiemelt-munkaink","rendezvenyek-rendszerintegracio-rendezvenyek"],"_links":{"self":[{"href":"https:\/\/visualeurope.com\/hu\/wp-json\/wp\/v2\/munkaink-type\/9070","targetHints":{"allow":["GET"]}}],"collection":[{"href":"https:\/\/visualeurope.com\/hu\/wp-json\/wp\/v2\/munkaink-type"}],"about":[{"href":"https:\/\/visualeurope.com\/hu\/wp-json\/wp\/v2\/types\/munkaink-type"}],"author":[{"embeddable":true,"href":"https:\/\/visualeurope.com\/hu\/wp-json\/wp\/v2\/users\/6"}],"wp:featuredmedia":[{"embeddable":true,"href":"https:\/\/visualeurope.com\/hu\/wp-json\/wp\/v2\/media\/9012"}],"wp:attachment":[{"href":"https:\/\/visualeurope.com\/hu\/wp-json\/wp\/v2\/media?parent=9070"}],"wp:term":[{"taxonomy":"helyszin","embeddable":true,"href":"https:\/\/visualeurope.com\/hu\/wp-json\/wp\/v2\/helyszin?post=9070"},{"taxonomy":"orszag","embeddable":true,"href":"https:\/\/visualeurope.com\/hu\/wp-json\/wp\/v2\/orszag?post=9070"},{"taxonomy":"ugyfel","embeddable":true,"href":"https:\/\/visualeurope.com\/hu\/wp-json\/wp\/v2\/ugyfel?post=9070"},{"taxonomy":"rendszerintegracio-teruletek","embeddable":true,"href":"https:\/\/visualeurope.com\/hu\/wp-json\/wp\/v2\/rendszerintegracio-teruletek?post=9070"},{"taxonomy":"rendezveny-teruletek","embeddable":true,"href":"https:\/\/visualeurope.com\/hu\/wp-json\/wp\/v2\/rendezveny-teruletek?post=9070"},{"taxonomy":"rendszerintegracio-szolgaltataso","embeddable":true,"href":"https:\/\/visualeurope.com\/hu\/wp-json\/wp\/v2\/rendszerintegracio-szolgaltataso?post=9070"},{"taxonomy":"rendezveny-szolgaltatasok","embeddable":true,"href":"https:\/\/visualeurope.com\/hu\/wp-json\/wp\/v2\/rendezveny-szolgaltatasok?post=9070"},{"taxonomy":"rendezvenyek-rendszerintegracio","embeddable":true,"href":"https:\/\/visualeurope.com\/hu\/wp-json\/wp\/v2\/rendezvenyek-rendszerintegracio?post=9070"}],"curies":[{"name":"wp","href":"https:\/\/api.w.org\/{rel}","templated":true}]}}

<p>A Sziget Fesztiválon 2024-ben mi biztosítottuk a Bolt Pary Aréna hatalmas LED falait, a Yettel Colosseum látványos fényeit, valamint a Revolut Stage hang- fény- és LED technikájáért is mi feleltünk, drónjaink pedig a Nagyszínpad fölé varázsolták a Sziget motívumait. Köszönjük a bizalmat!</p>



<figure class="wp-block-embed is-type-video is-provider-youtube wp-block-embed-youtube wp-embed-aspect-16-9 wp-has-aspect-ratio"><div class="wp-block-embed__wrapper">
<iframe title="Visual Magic at Sziget Festival I Visual Europe Group" width="800" height="450" src="https://www.youtube.com/embed/6WNP1zWs4Bo?feature=oembed" frameborder="0" allow="accelerometer; autoplay; clipboard-write; encrypted-media; gyroscope; picture-in-picture; web-share" referrerpolicy="strict-origin-when-cross-origin" allowfullscreen></iframe>
</div></figure>

<p>Négy színpad technikáját biztosítottuk a Sziget Fesztiválon.</p>
